 digit of 3156940?
0
What is the units digit of 433282?
2
What is the thousands digit of 85107?
5
What is the hundred thousands digit of 1788097?
7
What is the ten thousands digit of 5303340?
0
What is the hundreds digit of 9472621?
6
What is the thousands digit of 758061?
8
What is the thousands digit of 7760?
7
What is the units digit of 5510710?
0
What is the tens digit of 1169854?
5
What is the ten thousands digit of 490859?
9
What is the ten thousands digit of 1882520?
8
What is the hundreds digit of 154158?
1
What is the ten thousands digit of 136386?
3
What is the units digit of 335149?
9
What is the hundreds digit of 380632?
6
What is the ten thousands digit of 17286?
1
What is the hundred thousands digit of 960717?
9
What is the thousands digit of 4104215?
4
What is the tens digit of 7840577?
7
What is the hundred thousands digit of 478648?
4
What is the hundreds digit of 10668858?
8
What is the hundreds digit of 27326?
3
What is the thousands digit of 320531?
0
What is the hundred thousands digit of 1050774?
0
What is the hundreds digit of 1180572?
5
What is the units digit of 5007977?
7
What is the units digit of 655657?
7
What is the millions digit of 2604303?
2
What is the thousands digit of 7846939?
6
What is the tens digit of 1029426?
2
What is the thousands digit of 44478?
4
What is the units digit of 7793?
3
What is the thousands digit of 1778780?
8
What is the units digit of 20408716?
6
What is the ten thousands digit of 5267403?
6
What is the hundred thousands digit of 2810658?
8
What is the ten thousands digit of 613148?
1
What is the units digit of 890328?
8
What is the tens digit of 11437?
3
What is the ten thousands digit of 193535?
9
What is the tens digit of 31848?
4
What is the units digit of 321382?
2
What is the tens digit of 523736?
3
What is the units digit of 284786?
6
What is the units digit of 282042?
2
What is the millions digit of 25377933?
5
What is the ten thousands digit of 765035?
6
What is the tens digit of 117987?
8
What is the tens digit of 830136?
3
What is the thousands digit of 2790979?
0
What is the hundreds digit of 316623?
6
What is the tens digit of 980398?
9
What is the tens digit of 577191?
9
What is the hundred thousands digit of 8372054?
3
What is the tens digit of 477204?
0
What is the millions digit of 4894012?
4
What is the ten thousands digit of 2979911?
7
What is the ten thousands digit of 441049?
4
What is the ten thousands digit of 17425726?
2
What is the millions digit of 1410578?
1
What is the ten thousands digit of 4349429?
4
What is the hundred thousands digit of 847496?
8
What is the ten thousands digit of 2671870?
7
What is the hundred thousands digit of 256077?
2
What is the millions digit of 4073023?
4
What is the ten thousands digit of 147868?
4
What is the tens digit of 6793590?
9
What is the tens digit of 56451?
5
What is the hundreds digit of 283707?
7
What is the hundreds digit of 596205?
2
What is the hundreds digit of 4779712?
7
What is the hundred thousands digit of 988524?
9
What is the units digit of 48601?
1
What is the units digit of 1237406?
6
What is the units digit of 358536?
6
What is the tens digit of 3591531?
3
What is the tens digit of 99566?
6
What is the hundred thousands digit of 19044936?
0
What is the thousands digit of 2777?
2
What is the tens digit of 1201645?
4
What is the thousands digit of 198372?
8
What is the thousands digit of 1226642?
6
What is the hundred thousands digit of 180192?
1
What is the hundreds digit of 354349?
3
What is the tens digit of 574773?
7
What is the hundred thousands digit of 139806?
1
What is the ten thousands digit of 115400?
1
What is the millions digit of 9882043?
9
What is the thousands digit of 99298?
9
What is the thousands digit of 144712?
4
What is the ten thousands digit of 10286421?
8
What is the tens digit of 46555?
5
What is the hundred thousands digit of 19506791?
5
What is the hundreds digit of 9013591?
5
What is the units digit of 356991?
1
What is the tens digit of 15052125?
2
What is the hundreds digit of 33570?
5
What is the units digit of 98761?
1
What is the ten thousands digit of 162721?
6
What is the tens digit of 14927016?
1
What is the tens digit of 1034395?
9
What is the ten thousands digit of 2494273?
9
What is the ten thousands digit of 358338?
5
What is the hundreds digit of 128192?
1
What is the hundred thousands digit of 2276821?
2
What is the hundred thousands digit of 2629637?
6
What is the hundreds digit of 887296?
2
What is the units digit of 2604028?
8
What is the tens digit of 240265?
6
What is the units digit of 6870683?
3
What is the hundred thousands digit of 4980824?
9
What is the tens digit of 152140?
4
What is the units digit of 2512865?
5
What is the hundred thousands digit of 6398443?
3
What is the ten thousands digit of 1754653?
5
What is the millions digit of 5044235?
5
What is the units digit of 643631?
1
What is the thousands digit of 20504712?
4
What is the units digit of 136111?
1
What is the hundreds digit of 6715616?
6
What is the units digit of 14323971?
1
What is the hundreds digit of 454766?
7
What is the ten thousands digit of 167442?
6
What is the ten thousands digit of 578688?
7
What is the millions digit of 12639560?
2
What is the units digit of 122909?
9
What is the ten thousands digit of 1332258?
3
What is the thousands digit of 6331132?
1
What is the units digit of 19878153?
3
What is the units digit of 3405850?
0
What is the hundreds digit of 85896?
8
What is the ten millions digit of 12506058?
1
What is the thousands digit of 188953?
8
What is the units digit of 155923?
3
What is the tens digit of 54903?
0
What is the hundreds digit of 1008915?
9
What is the units digit of 13995631?
1
What is the hundreds digit of 13000225?
2
What is the millions digit of 2062200?
2
What is the ten thousands digit of 1356638?
5
What is the millions digit of 1539779?
1
What is the ten thousands digit of 668333?
6
What is the hundreds digit of 10150770?
7
What is the ten thousands digit of 15130262?
3
What is the ten thousands digit of 1476267?
7
What is the units digit of 6658484?
4
What is the hundred thousands digit of 1526495?
5
What is the hundreds digit of 17108620?
6
What is the hundreds digit of 37287551?
5
What is the tens digit of 405313?
1
What is the units digit of 30017?
7
What is the units digit of 12840501?
1
What is the tens digit of 432390?
9
What is the hundred thousands digit of 904021?
9
What is the units digit of 2751272?
2
What is the hundreds digit of 1639861?
8
What is the millions digit of 1462946?
1
What is the thousands digit of 660954?
0
What is the units digit of 78857?
7
What is the units digit of 640590?
0
What is the tens digit of 318864?
6
What is the hundreds digit of 717661?
6
What is the units digit of 265400?
0
What is the thousands digit of 1326308?
6
What is the thousands digit of 4174418?
4
What is the hundred thousands digit of 1351141?
3
What is the hundreds digit of 2438108?
1
What is the hundreds digit of 9874923?
9
What is the ten thousands digit of 7429153?
2
What is the millions digit of 25410118?
5
What is the hundreds digit of 136751?
7
What is the ten thousands digit of 547782?
4
What is the tens digit of 373195?
9
What is the ten thousands digit of 123092?
2
What is the tens digit of 2628329?
2
What is the units digit of 8300486?
6
What is the hundreds digit of 2734577?
5
What is the ten thousands digit of 141729?
4
What is the ten thousands digit of 3593090?
9
What is the millions digit of 28668365?
8
What is the hundreds digit of 627772?
7
What is the hundreds digit of 86732?
7
What is the units digit of 8437722?
2
What is the hundred thousands digit of 1060413?
0
What is the hundreds digit of 323379?
3
What is the millions digit of 1356018?
1
What is the ten thousands digit of 564602?
6
What is the thousands digit of 1987430?
7
What is the tens digit of 4052920?
2
What is the hundred thousands digit of 791279?
7
What is the units digit of 608720?
0
What is the units digit of 164351?
1
What is the millions digit of 2156995?
2
What is the tens digit of 333778?
7
What is the thousands digit of 161120?
1
What is the tens digit of 2469549?
4
What is the millions digit of 34191237?
4
What is the thousands digit of 693225?
3
W